{"id":3259,"date":"2022-01-21T09:41:08","date_gmt":"2022-01-21T08:41:08","guid":{"rendered":"http:\/\/transylwine.hu\/?page_id=3259"},"modified":"2022-01-21T10:07:31","modified_gmt":"2022-01-21T09:07:31","slug":"in-memoriam","status":"publish","type":"page","link":"http:\/\/transylwine.hu\/index.php\/transylwine-kft\/in-memoriam\/","title":{"rendered":"In memoriam"},"content":{"rendered":"\n<h6><strong>2017. \u00e1prilis 30-\u00e1n, tragikus hirtelens\u00e9ggel, \u00e9let\u00e9nek 58. \u00e9v\u00e9ben elhunyt Gali Ferenc borkeresked\u0151, a Recas pinc\u00e9szet magyarorsz\u00e1gi k\u00e9pvisel\u0151je, a Transylwine t\u00e1rstulajdonosa.<\/strong><\/h6>\n\n\n\n<h6>Az erd\u00e9lyi, nagyszalontai sz\u00fclet\u00e9s\u0171 Gali Ferenc 1988 \u00f3ta \u00e9lt Magyarorsz\u00e1gon, Gyul\u00e1n, majd \u00e9let\u00e9nek utols\u00f3 \u00e9veiben Budapesten. A sz\u00fcl\u0151f\u00f6ld, az erd\u00e9lyi t\u00f6rt\u00e9nelem \u00e9s a bor szeretete arra ind\u00edtott\u00e1k, hogy az erd\u00e9lyi borok \u00e9s gasztron\u00f3mia magyarorsz\u00e1gi n\u00e9pszer\u0171s\u00edt\u00e9s\u00e9t v\u00e1lassza hivat\u00e1s\u00e1nak. <\/h6>\n\n\n\n<div class=\"wp-block-image\"><figure class=\"alignleft size-full\"><img loading=\"lazy\" width=\"442\" height=\"573\" src=\"http:\/\/transylwine.hu\/wp-content\/uploads\/2022\/01\/gali-ferenc.jpg\" alt=\"\" class=\"wp-image-3265\" srcset=\"http:\/\/transylwine.hu\/wp-content\/uploads\/2022\/01\/gali-ferenc.jpg 442w, http:\/\/transylwine.hu\/wp-content\/uploads\/2022\/01\/gali-ferenc-231x300.jpg 231w, http:\/\/transylwine.hu\/wp-content\/uploads\/2022\/01\/gali-ferenc-77x100.jpg 77w\" sizes=\"(max-width: 442px) 100vw, 442px\" \/><figcaption> <strong>Gali Ferenc<\/strong> (1959-2017) <\/figcaption><\/figure><\/div>\n\n\n\n<figure class=\"wp-block-pullquote\"><blockquote><p>Borkeresked\u0151k\u00e9nt, a Recas borok nagyk\u00f6vetk\u00e9nt sokfel\u00e9 megfordult. Akik hallott\u00e1k szenved\u00e9lyes el\u0151ad\u00e1sait Erd\u00e9lyr\u0151l \u00e9s kedvenc sz\u0151l\u0151fajt\u00e1ir\u00f3l, a Kir\u00e1lyle\u00e1nyk\u00e1r\u00f3l \u00e9s a Fekete le\u00e1nyk\u00e1r\u00f3l, soha nem felejtik el.<\/p><\/blockquote><\/figure>\n\n\n\n<h6>Munk\u00e1ja mellett a vers\u00edr\u00e1s adott neki sok \u00f6r\u00f6met. B\u00e1rhol is j\u00e1rt, mindig \u00fagy mutatkozott be, hogy Arany J\u00e1nos v\u00e1ros\u00e1b\u00f3l \u00e9rkezett.<br><br>Orsz\u00e1gszerte sokan ismert\u00e9k \u00e9s szerett\u00e9k. Gali Ferencet Gyul\u00e1n helyezt\u00e9k v\u00e9gs\u0151 nyugalomra. A vesztes\u00e9g p\u00f3tolhatatlan, eml\u00e9k\u00e9t sz\u00edv\u00fcnkben meg\u0151rizz\u00fck.<\/h6>\n","protected":false},"excerpt":{"rendered":"<p>2017. \u00e1prilis 30-\u00e1n, tragikus hirtelens\u00e9ggel, \u00e9let\u00e9nek 58. \u00e9v\u00e9ben elhunyt Gali Ferenc borkeresked\u0151, a Recas pinc\u00e9szet magyarorsz\u00e1gi k\u00e9pvisel\u0151je, a Transylwine t\u00e1rstulajdonosa. Az erd\u00e9lyi, nagyszalontai sz\u00fclet\u00e9s\u0171 Gali Ferenc 1988 \u00f3ta \u00e9lt Magyarorsz\u00e1gon, Gyul\u00e1n, majd \u00e9let\u00e9nek utols\u00f3 \u00e9veiben Budapesten. A sz\u00fcl\u0151f\u00f6ld, az erd\u00e9lyi t\u00f6rt\u00e9nelem \u00e9s a bor szeretete arra ind\u00edtott\u00e1k, hogy az erd\u00e9lyi borok \u00e9s gasztron\u00f3mia magyarorsz\u00e1gi n\u00e9pszer\u0171s\u00edt\u00e9s\u00e9t [&hellip;]<\/p>\n","protected":false},"author":3,"featured_media":0,"parent":798,"menu_order":0,"comment_status":"closed","ping_status":"closed","template":"elementor_header_footer","meta":{"_monsterinsights_skip_tracking":false,"_monsterinsights_sitenote_active":false,"_monsterinsights_sitenote_note":"","_monsterinsights_sitenote_category":0},"yoast_head":"<!-- This site is optimized with the Yoast SEO plugin v17.9 - https:\/\/yoast.com\/wordpress\/plugins\/seo\/ -->\n<title>In memoriam - Transylwine Kft.<\/title>\n<meta name=\"description\" content=\"2017. \u00e1prilis 30-\u00e1n, tragikus hirtelens\u00e9ggel, \u00e9let\u00e9nek 58. \u00e9v\u00e9ben elhunyt Gali Ferenc borkeresked\u0151, a Recas pinc\u00e9szet magyarorsz\u00e1gi k\u00e9pvisel\u0151je, a\" \/>\n<meta name=\"robots\" content=\"index, follow, max-snippet:-1, max-image-preview:large, max-video-preview:-1\" \/>\n<link rel=\"canonical\" href=\"http:\/\/transylwine.hu\/index.php\/transylwine-kft\/in-memoriam\/\" \/>\n<meta property=\"og:locale\" content=\"hu_HU\" \/>\n<meta property=\"og:type\" content=\"article\" \/>\n<meta property=\"og:title\" content=\"In memoriam - Transylwine Kft.\" \/>\n<meta property=\"og:description\" content=\"2017. \u00e1prilis 30-\u00e1n, tragikus hirtelens\u00e9ggel, \u00e9let\u00e9nek 58. \u00e9v\u00e9ben elhunyt Gali Ferenc borkeresked\u0151, a Recas pinc\u00e9szet magyarorsz\u00e1gi k\u00e9pvisel\u0151je, a\" \/>\n<meta property=\"og:url\" content=\"http:\/\/transylwine.hu\/index.php\/transylwine-kft\/in-memoriam\/\" \/>\n<meta property=\"og:site_name\" content=\"Transylwine Kft.\" \/>\n<meta property=\"article:modified_time\" content=\"2022-01-21T09:07:31+00:00\" \/>\n<meta property=\"og:image\" content=\"http:\/\/transylwine.hu\/wp-content\/uploads\/2022\/01\/gali-ferenc.jpg\" \/>\n<meta name=\"twitter:label1\" content=\"Becs\u00fclt olvas\u00e1si id\u0151\" \/>\n\t<meta name=\"twitter:data1\" content=\"1 perc\" \/>\n<script type=\"application\/ld+json\" class=\"yoast-schema-graph\">{\"@context\":\"https:\/\/schema.org\",\"@graph\":[{\"@type\":\"WebSite\",\"@id\":\"https:\/\/transylwine.hu\/#website\",\"url\":\"https:\/\/transylwine.hu\/\",\"name\":\"Transylwine Kft.\",\"description\":\"Az erd\\u00e9lyi Recas borok magyarorsz\\u00e1gi forgalmaz\\u00f3ja\",\"potentialAction\":[{\"@type\":\"SearchAction\",\"target\":{\"@type\":\"EntryPoint\",\"urlTemplate\":\"https:\/\/transylwine.hu\/?s={search_term_string}\"},\"query-input\":\"required name=search_term_string\"}],\"inLanguage\":\"hu\"},{\"@type\":\"ImageObject\",\"@id\":\"http:\/\/transylwine.hu\/index.php\/transylwine-kft\/in-memoriam\/#primaryimage\",\"inLanguage\":\"hu\",\"url\":\"http:\/\/transylwine.hu\/wp-content\/uploads\/2022\/01\/gali-ferenc.jpg\",\"contentUrl\":\"http:\/\/transylwine.hu\/wp-content\/uploads\/2022\/01\/gali-ferenc.jpg\",\"width\":442,\"height\":573},{\"@type\":\"WebPage\",\"@id\":\"http:\/\/transylwine.hu\/index.php\/transylwine-kft\/in-memoriam\/#webpage\",\"url\":\"http:\/\/transylwine.hu\/index.php\/transylwine-kft\/in-memoriam\/\",\"name\":\"In memoriam - Transylwine Kft.\",\"isPartOf\":{\"@id\":\"https:\/\/transylwine.hu\/#website\"},\"primaryImageOfPage\":{\"@id\":\"http:\/\/transylwine.hu\/index.php\/transylwine-kft\/in-memoriam\/#primaryimage\"},\"datePublished\":\"2022-01-21T08:41:08+00:00\",\"dateModified\":\"2022-01-21T09:07:31+00:00\",\"description\":\"2017. \\u00e1prilis 30-\\u00e1n, tragikus hirtelens\\u00e9ggel, \\u00e9let\\u00e9nek 58. \\u00e9v\\u00e9ben elhunyt Gali Ferenc borkeresked\\u0151, a Recas pinc\\u00e9szet magyarorsz\\u00e1gi k\\u00e9pvisel\\u0151je, a\",\"breadcrumb\":{\"@id\":\"http:\/\/transylwine.hu\/index.php\/transylwine-kft\/in-memoriam\/#breadcrumb\"},\"inLanguage\":\"hu\",\"potentialAction\":[{\"@type\":\"ReadAction\",\"target\":[\"http:\/\/transylwine.hu\/index.php\/transylwine-kft\/in-memoriam\/\"]}]},{\"@type\":\"BreadcrumbList\",\"@id\":\"http:\/\/transylwine.hu\/index.php\/transylwine-kft\/in-memoriam\/#breadcrumb\",\"itemListElement\":[{\"@type\":\"ListItem\",\"position\":1,\"name\":\"Home\",\"item\":\"https:\/\/transylwine.hu\/\"},{\"@type\":\"ListItem\",\"position\":2,\"name\":\"Transylwine Kft.\",\"item\":\"https:\/\/transylwine.hu\/index.php\/transylwine-kft\/\"},{\"@type\":\"ListItem\",\"position\":3,\"name\":\"In memoriam\"}]}]}<\/script>\n<!-- \/ Yoast SEO plugin. -->","yoast_head_json":{"title":"In memoriam - Transylwine Kft.","description":"2017. \u00e1prilis 30-\u00e1n, tragikus hirtelens\u00e9ggel, \u00e9let\u00e9nek 58. \u00e9v\u00e9ben elhunyt Gali Ferenc borkeresked\u0151, a Recas pinc\u00e9szet magyarorsz\u00e1gi k\u00e9pvisel\u0151je, a","robots":{"index":"index","follow":"follow","max-snippet":"max-snippet:-1","max-image-preview":"max-image-preview:large","max-video-preview":"max-video-preview:-1"},"canonical":"http:\/\/transylwine.hu\/index.php\/transylwine-kft\/in-memoriam\/","og_locale":"hu_HU","og_type":"article","og_title":"In memoriam - Transylwine Kft.","og_description":"2017. \u00e1prilis 30-\u00e1n, tragikus hirtelens\u00e9ggel, \u00e9let\u00e9nek 58. \u00e9v\u00e9ben elhunyt Gali Ferenc borkeresked\u0151, a Recas pinc\u00e9szet magyarorsz\u00e1gi k\u00e9pvisel\u0151je, a","og_url":"http:\/\/transylwine.hu\/index.php\/transylwine-kft\/in-memoriam\/","og_site_name":"Transylwine Kft.","article_modified_time":"2022-01-21T09:07:31+00:00","og_image":[{"url":"http:\/\/transylwine.hu\/wp-content\/uploads\/2022\/01\/gali-ferenc.jpg"}],"twitter_misc":{"Becs\u00fclt olvas\u00e1si id\u0151":"1 perc"},"schema":{"@context":"https:\/\/schema.org","@graph":[{"@type":"WebSite","@id":"https:\/\/transylwine.hu\/#website","url":"https:\/\/transylwine.hu\/","name":"Transylwine Kft.","description":"Az erd\u00e9lyi Recas borok magyarorsz\u00e1gi forgalmaz\u00f3ja","potentialAction":[{"@type":"SearchAction","target":{"@type":"EntryPoint","urlTemplate":"https:\/\/transylwine.hu\/?s={search_term_string}"},"query-input":"required name=search_term_string"}],"inLanguage":"hu"},{"@type":"ImageObject","@id":"http:\/\/transylwine.hu\/index.php\/transylwine-kft\/in-memoriam\/#primaryimage","inLanguage":"hu","url":"http:\/\/transylwine.hu\/wp-content\/uploads\/2022\/01\/gali-ferenc.jpg","contentUrl":"http:\/\/transylwine.hu\/wp-content\/uploads\/2022\/01\/gali-ferenc.jpg","width":442,"height":573},{"@type":"WebPage","@id":"http:\/\/transylwine.hu\/index.php\/transylwine-kft\/in-memoriam\/#webpage","url":"http:\/\/transylwine.hu\/index.php\/transylwine-kft\/in-memoriam\/","name":"In memoriam - Transylwine Kft.","isPartOf":{"@id":"https:\/\/transylwine.hu\/#website"},"primaryImageOfPage":{"@id":"http:\/\/transylwine.hu\/index.php\/transylwine-kft\/in-memoriam\/#primaryimage"},"datePublished":"2022-01-21T08:41:08+00:00","dateModified":"2022-01-21T09:07:31+00:00","description":"2017. \u00e1prilis 30-\u00e1n, tragikus hirtelens\u00e9ggel, \u00e9let\u00e9nek 58. \u00e9v\u00e9ben elhunyt Gali Ferenc borkeresked\u0151, a Recas pinc\u00e9szet magyarorsz\u00e1gi k\u00e9pvisel\u0151je, a","breadcrumb":{"@id":"http:\/\/transylwine.hu\/index.php\/transylwine-kft\/in-memoriam\/#breadcrumb"},"inLanguage":"hu","potentialAction":[{"@type":"ReadAction","target":["http:\/\/transylwine.hu\/index.php\/transylwine-kft\/in-memoriam\/"]}]},{"@type":"BreadcrumbList","@id":"http:\/\/transylwine.hu\/index.php\/transylwine-kft\/in-memoriam\/#breadcrumb","itemListElement":[{"@type":"ListItem","position":1,"name":"Home","item":"https:\/\/transylwine.hu\/"},{"@type":"ListItem","position":2,"name":"Transylwine Kft.","item":"https:\/\/transylwine.hu\/index.php\/transylwine-kft\/"},{"@type":"ListItem","position":3,"name":"In memoriam"}]}]}},"_links":{"self":[{"href":"http:\/\/transylwine.hu\/index.php\/wp-json\/wp\/v2\/pages\/3259"}],"collection":[{"href":"http:\/\/transylwine.hu\/index.php\/wp-json\/wp\/v2\/pages"}],"about":[{"href":"http:\/\/transylwine.hu\/index.php\/wp-json\/wp\/v2\/types\/page"}],"author":[{"embeddable":true,"href":"http:\/\/transylwine.hu\/index.php\/wp-json\/wp\/v2\/users\/3"}],"replies":[{"embeddable":true,"href":"http:\/\/transylwine.hu\/index.php\/wp-json\/wp\/v2\/comments?post=3259"}],"version-history":[{"count":35,"href":"http:\/\/transylwine.hu\/index.php\/wp-json\/wp\/v2\/pages\/3259\/revisions"}],"predecessor-version":[{"id":3306,"href":"http:\/\/transylwine.hu\/index.php\/wp-json\/wp\/v2\/pages\/3259\/revisions\/3306"}],"up":[{"embeddable":true,"href":"http:\/\/transylwine.hu\/index.php\/wp-json\/wp\/v2\/pages\/798"}],"wp:attachment":[{"href":"http:\/\/transylwine.hu\/index.php\/wp-json\/wp\/v2\/media?parent=3259"}],"curies":[{"name":"wp","href":"https:\/\/api.w.org\/{rel}","templated":true}]}}

<h6><strong>2017. április 30-án, tragikus hirtelenséggel, életének 58. évében elhunyt Gali Ferenc borkereskedő, a Recas pincészet magyarországi képviselője, a Transylwine társtulajdonosa.</strong></h6>



<h6>Az erdélyi, nagyszalontai születésű Gali Ferenc 1988 óta élt Magyarországon, Gyulán, majd életének utolsó éveiben Budapesten. A szülőföld, az erdélyi történelem és a bor szeretete arra indították, hogy az erdélyi borok és gasztronómia magyarországi népszerűsítését válassza hivatásának. </h6>



<div class="wp-block-image"><figure class="alignleft size-full"><img loading="lazy" width="442" height="573" src="http://transylwine.hu/wp-content/uploads/2022/01/gali-ferenc.jpg" alt="" class="wp-image-3265" srcset="http://transylwine.hu/wp-content/uploads/2022/01/gali-ferenc.jpg 442w, http://transylwine.hu/wp-content/uploads/2022/01/gali-ferenc-231x300.jpg 231w, http://transylwine.hu/wp-content/uploads/2022/01/gali-ferenc-77x100.jpg 77w" sizes="(max-width: 442px) 100vw, 442px" /><figcaption> <strong>Gali Ferenc</strong> (1959-2017) </figcaption></figure></div>



<figure class="wp-block-pullquote"><blockquote><p>Borkereskedőként, a Recas borok nagykövetként sokfelé megfordult. Akik hallották szenvedélyes előadásait Erdélyről és kedvenc szőlőfajtáiról, a Királyleánykáról és a Fekete leánykáról, soha nem felejtik el.</p></blockquote></figure>



<h6>Munkája mellett a versírás adott neki sok örömet. Bárhol is járt, mindig úgy mutatkozott be, hogy Arany János városából érkezett.<br><br>Országszerte sokan ismerték és szerették. Gali Ferencet Gyulán helyezték végső nyugalomra. A veszteség pótolhatatlan, emlékét szívünkben megőrizzük.</h6>

<p>2017. április 30-án, tragikus hirtelenséggel, életének 58. évében elhunyt Gali Ferenc borkereskedő, a Recas pincészet magyarországi képviselője, a Transylwine társtulajdonosa. Az erdélyi, nagyszalontai születésű Gali Ferenc 1988 óta élt Magyarországon, Gyulán, majd életének utolsó éveiben Budapesten. A szülőföld, az erdélyi történelem és a bor szeretete arra indították, hogy az erdélyi borok és gasztronómia magyarországi népszerűsítését [&hellip;]</p>

<!-- This site is optimized with the Yoast SEO plugin v17.9 - https://yoast.com/wordpress/plugins/seo/ -->
<title>In memoriam - Transylwine Kft.</title>
<meta name="description" content="2017. április 30-án, tragikus hirtelenséggel, életének 58. évében elhunyt Gali Ferenc borkereskedő, a Recas pincészet magyarországi képviselője, a" />
<meta name="robots" content="index, follow, max-snippet:-1, max-image-preview:large, max-video-preview:-1" />
<link rel="canonical" href="http://transylwine.hu/index.php/transylwine-kft/in-memoriam/" />
<meta property="og:locale" content="hu_HU" />
<meta property="og:type" content="article" />
<meta property="og:title" content="In memoriam - Transylwine Kft." />
<meta property="og:description" content="2017. április 30-án, tragikus hirtelenséggel, életének 58. évében elhunyt Gali Ferenc borkereskedő, a Recas pincészet magyarországi képviselője, a" />
<meta property="og:url" content="http://transylwine.hu/index.php/transylwine-kft/in-memoriam/" />
<meta property="og:site_name" content="Transylwine Kft." />
<meta property="article:modified_time" content="2022-01-21T09:07:31+00:00" />
<meta property="og:image" content="http://transylwine.hu/wp-content/uploads/2022/01/gali-ferenc.jpg" />
<meta name="twitter:label1" content="Becsült olvasási idő" />
	<meta name="twitter:data1" content="1 perc" />
<script type="application/ld+json" class="yoast-schema-graph">{"@context":"https://schema.org","@graph":[{"@type":"WebSite","@id":"https://transylwine.hu/#website","url":"https://transylwine.hu/","name":"Transylwine Kft.","description":"Az erd\u00e9lyi Recas borok magyarorsz\u00e1gi forgalmaz\u00f3ja","potentialAction":[{"@type":"SearchAction","target":{"@type":"EntryPoint","urlTemplate":"https://transylwine.hu/?s={search_term_string}"},"query-input":"required name=search_term_string"}],"inLanguage":"hu"},{"@type":"ImageObject","@id":"http://transylwine.hu/index.php/transylwine-kft/in-memoriam/#primaryimage","inLanguage":"hu","url":"http://transylwine.hu/wp-content/uploads/2022/01/gali-ferenc.jpg","contentUrl":"http://transylwine.hu/wp-content/uploads/2022/01/gali-ferenc.jpg","width":442,"height":573},{"@type":"WebPage","@id":"http://transylwine.hu/index.php/transylwine-kft/in-memoriam/#webpage","url":"http://transylwine.hu/index.php/transylwine-kft/in-memoriam/","name":"In memoriam - Transylwine Kft.","isPartOf":{"@id":"https://transylwine.hu/#website"},"primaryImageOfPage":{"@id":"http://transylwine.hu/index.php/transylwine-kft/in-memoriam/#primaryimage"},"datePublished":"2022-01-21T08:41:08+00:00","dateModified":"2022-01-21T09:07:31+00:00","description":"2017. \u00e1prilis 30-\u00e1n, tragikus hirtelens\u00e9ggel, \u00e9let\u00e9nek 58. \u00e9v\u00e9ben elhunyt Gali Ferenc borkeresked\u0151, a Recas pinc\u00e9szet magyarorsz\u00e1gi k\u00e9pvisel\u0151je, a","breadcrumb":{"@id":"http://transylwine.hu/index.php/transylwine-kft/in-memoriam/#breadcrumb"},"inLanguage":"hu","potentialAction":[{"@type":"ReadAction","target":["http://transylwine.hu/index.php/transylwine-kft/in-memoriam/"]}]},{"@type":"BreadcrumbList","@id":"http://transylwine.hu/index.php/transylwine-kft/in-memoriam/#breadcrumb","itemListElement":[{"@type":"ListItem","position":1,"name":"Home","item":"https://transylwine.hu/"},{"@type":"ListItem","position":2,"name":"Transylwine Kft.","item":"https://transylwine.hu/index.php/transylwine-kft/"},{"@type":"ListItem","position":3,"name":"In memoriam"}]}]}</script>
<!-- / Yoast SEO plugin. -->

2017. április 30-án, tragikus hirtelenséggel, életének 58. évében elhunyt Gali Ferenc borkereskedő, a Recas pincészet magyarországi képviselője, a

Az erdélyi Recas borok magyarországi forgalmazója
