{"id":3085,"date":"2017-08-01T13:59:52","date_gmt":"2017-08-01T11:59:52","guid":{"rendered":"http:\/\/demo.mysterythemes.com\/owner\/?page_id=5"},"modified":"2022-02-18T11:04:21","modified_gmt":"2022-02-18T10:04:21","slug":"fooldal","status":"publish","type":"page","link":"http:\/\/transylwine.hu\/","title":{"rendered":"F\u0151oldal"},"content":{"rendered":"","protected":false},"excerpt":{"rendered":"","protected":false},"author":3,"featured_media":0,"parent":0,"menu_order":0,"comment_status":"closed","ping_status":"closed","template":"templates\/template-home.php","meta":{"_monsterinsights_skip_tracking":false,"_monsterinsights_sitenote_active":false,"_monsterinsights_sitenote_note":"","_monsterinsights_sitenote_category":0},"yoast_head":"<!-- This site is optimized with the Yoast SEO plugin v17.9 - https:\/\/yoast.com\/wordpress\/plugins\/seo\/ -->\n<title>F\u0151oldal - Transylwine Kft.: Az erd\u00e9lyi borok szak\u00e9rt\u0151je<\/title>\n<meta name=\"description\" content=\"\u00dcdv\u00f6z\u00f6lj\u00fck az erd\u00e9lyi borok vil\u00e1g\u00e1ban!\" \/>\n<meta name=\"robots\" content=\"index, follow, max-snippet:-1, max-image-preview:large, max-video-preview:-1\" \/>\n<link rel=\"canonical\" href=\"https:\/\/transylwine.hu\/\" \/>\n<meta property=\"og:locale\" content=\"hu_HU\" \/>\n<meta property=\"og:type\" content=\"article\" \/>\n<meta property=\"og:title\" content=\"F\u0151oldal - Transylwine Kft.: Az erd\u00e9lyi borok szak\u00e9rt\u0151je\" \/>\n<meta property=\"og:description\" content=\"\u00dcdv\u00f6z\u00f6lj\u00fck az erd\u00e9lyi borok vil\u00e1g\u00e1ban!\" \/>\n<meta property=\"og:url\" content=\"https:\/\/transylwine.hu\/\" \/>\n<meta property=\"og:site_name\" content=\"Transylwine Kft.\" \/>\n<meta property=\"article:modified_time\" content=\"2022-02-18T10:04:21+00:00\" \/>\n<script type=\"application\/ld+json\" class=\"yoast-schema-graph\">{\"@context\":\"https:\/\/schema.org\",\"@graph\":[{\"@type\":\"WebSite\",\"@id\":\"https:\/\/transylwine.hu\/#website\",\"url\":\"https:\/\/transylwine.hu\/\",\"name\":\"Transylwine Kft.\",\"description\":\"Az erd\\u00e9lyi Recas borok magyarorsz\\u00e1gi forgalmaz\\u00f3ja\",\"potentialAction\":[{\"@type\":\"SearchAction\",\"target\":{\"@type\":\"EntryPoint\",\"urlTemplate\":\"https:\/\/transylwine.hu\/?s={search_term_string}\"},\"query-input\":\"required name=search_term_string\"}],\"inLanguage\":\"hu\"},{\"@type\":\"WebPage\",\"@id\":\"https:\/\/transylwine.hu\/#webpage\",\"url\":\"https:\/\/transylwine.hu\/\",\"name\":\"F\\u0151oldal - Transylwine Kft.: Az erd\\u00e9lyi borok szak\\u00e9rt\\u0151je\",\"isPartOf\":{\"@id\":\"https:\/\/transylwine.hu\/#website\"},\"datePublished\":\"2017-08-01T11:59:52+00:00\",\"dateModified\":\"2022-02-18T10:04:21+00:00\",\"description\":\"\\u00dcdv\\u00f6z\\u00f6lj\\u00fck az erd\\u00e9lyi borok vil\\u00e1g\\u00e1ban!\",\"breadcrumb\":{\"@id\":\"https:\/\/transylwine.hu\/#breadcrumb\"},\"inLanguage\":\"hu\",\"potentialAction\":[{\"@type\":\"ReadAction\",\"target\":[\"https:\/\/transylwine.hu\/\"]}]},{\"@type\":\"BreadcrumbList\",\"@id\":\"https:\/\/transylwine.hu\/#breadcrumb\",\"itemListElement\":[{\"@type\":\"ListItem\",\"position\":1,\"name\":\"Home\",\"item\":\"https:\/\/transylwine.hu\/\"},{\"@type\":\"ListItem\",\"position\":2,\"name\":\"F\\u0151oldal\"}]}]}<\/script>\n<!-- \/ Yoast SEO plugin. -->","yoast_head_json":{"title":"F\u0151oldal - Transylwine Kft.: Az erd\u00e9lyi borok szak\u00e9rt\u0151je","description":"\u00dcdv\u00f6z\u00f6lj\u00fck az erd\u00e9lyi borok vil\u00e1g\u00e1ban!","robots":{"index":"index","follow":"follow","max-snippet":"max-snippet:-1","max-image-preview":"max-image-preview:large","max-video-preview":"max-video-preview:-1"},"canonical":"https:\/\/transylwine.hu\/","og_locale":"hu_HU","og_type":"article","og_title":"F\u0151oldal - Transylwine Kft.: Az erd\u00e9lyi borok szak\u00e9rt\u0151je","og_description":"\u00dcdv\u00f6z\u00f6lj\u00fck az erd\u00e9lyi borok vil\u00e1g\u00e1ban!","og_url":"https:\/\/transylwine.hu\/","og_site_name":"Transylwine Kft.","article_modified_time":"2022-02-18T10:04:21+00:00","schema":{"@context":"https:\/\/schema.org","@graph":[{"@type":"WebSite","@id":"https:\/\/transylwine.hu\/#website","url":"https:\/\/transylwine.hu\/","name":"Transylwine Kft.","description":"Az erd\u00e9lyi Recas borok magyarorsz\u00e1gi forgalmaz\u00f3ja","potentialAction":[{"@type":"SearchAction","target":{"@type":"EntryPoint","urlTemplate":"https:\/\/transylwine.hu\/?s={search_term_string}"},"query-input":"required name=search_term_string"}],"inLanguage":"hu"},{"@type":"WebPage","@id":"https:\/\/transylwine.hu\/#webpage","url":"https:\/\/transylwine.hu\/","name":"F\u0151oldal - Transylwine Kft.: Az erd\u00e9lyi borok szak\u00e9rt\u0151je","isPartOf":{"@id":"https:\/\/transylwine.hu\/#website"},"datePublished":"2017-08-01T11:59:52+00:00","dateModified":"2022-02-18T10:04:21+00:00","description":"\u00dcdv\u00f6z\u00f6lj\u00fck az erd\u00e9lyi borok vil\u00e1g\u00e1ban!","breadcrumb":{"@id":"https:\/\/transylwine.hu\/#breadcrumb"},"inLanguage":"hu","potentialAction":[{"@type":"ReadAction","target":["https:\/\/transylwine.hu\/"]}]},{"@type":"BreadcrumbList","@id":"https:\/\/transylwine.hu\/#breadcrumb","itemListElement":[{"@type":"ListItem","position":1,"name":"Home","item":"https:\/\/transylwine.hu\/"},{"@type":"ListItem","position":2,"name":"F\u0151oldal"}]}]}},"_links":{"self":[{"href":"http:\/\/transylwine.hu\/index.php\/wp-json\/wp\/v2\/pages\/3085"}],"collection":[{"href":"http:\/\/transylwine.hu\/index.php\/wp-json\/wp\/v2\/pages"}],"about":[{"href":"http:\/\/transylwine.hu\/index.php\/wp-json\/wp\/v2\/types\/page"}],"author":[{"embeddable":true,"href":"http:\/\/transylwine.hu\/index.php\/wp-json\/wp\/v2\/users\/3"}],"replies":[{"embeddable":true,"href":"http:\/\/transylwine.hu\/index.php\/wp-json\/wp\/v2\/comments?post=3085"}],"version-history":[{"count":3,"href":"http:\/\/transylwine.hu\/index.php\/wp-json\/wp\/v2\/pages\/3085\/revisions"}],"predecessor-version":[{"id":3811,"href":"http:\/\/transylwine.hu\/index.php\/wp-json\/wp\/v2\/pages\/3085\/revisions\/3811"}],"wp:attachment":[{"href":"http:\/\/transylwine.hu\/index.php\/wp-json\/wp\/v2\/media?parent=3085"}],"curies":[{"name":"wp","href":"https:\/\/api.w.org\/{rel}","templated":true}]}}